 134, -4*d + h = 4*o. Let p(q) = q + 16. Let u be p(-4). Calculate the greatest common divisor of u and o.
12
Suppose 2*j - 14 = 2*i, -3*i = -7*j + 9*j - 14. Let y(s) = 4*s**2 - 19*s + 17. Let h be y(j). What is the greatest common divisor of 48 and h?
16
Suppose -84*l + 14400 = 6*l. Calculate the highest common divisor of l and 2480.
80
Suppose -6*v + 2*v + 152 = 0. Let k be (-42)/(-63) - (-16)/(-6). Let m(a) = 8*a**2 + 4*a - 5. Let f be m(k). Calculate the greatest common factor of v and f.
19
Let z = 884 + -790. Suppose -9 + z = 5*h - 5*l, 4*h + 5*l = 59. Suppose -3*g + 27 = 3. Calculate the greatest common divisor of g and h.
8
Let n(o) be the first derivative of -12*o**2 - 62*o + 160. Let j be n(-42). Calculate the highest common factor of 86 and j.
86
Let s = 5532 - 5156. Calculate the greatest common divisor of s and 4700.
188
Suppose 3*a + f = -a + 31, 0 = 2*a - 4*f - 2. Calculate the greatest common divisor of 116 and a.
1
Suppose 190*a + 87075 = 215*a. Calculate the greatest common divisor of a and 9.
9
Suppose 68*a + 130*a = -105*a + 41208. Calculate the greatest common factor of a and 204.
68
Suppose -r = 7 - 91. Suppose 88*n - r*n = 24. Calculate the greatest common factor of n and 222.
6
Let c be 112 + 0/5 - 2. Let q(m) = -m**3 - 8*m**2 - 10*m - 13. Let i be q(-7). Suppose c = -6*u + i*u. Calculate the highest common divisor of 11 and u.
11
Let p be (-1258)/51*-132 + 6. Calculate the greatest common factor of 112 and p.
14
Let h be (-32)/(-24)*(-3 - -5)/((-12)/(-9)). Suppose 9*l - 217 - 719 = 0. What is the greatest common factor of h and l?
2
Let w be 0 + 0 - -2*11. Let q = 39029 - 38578. What is the greatest common factor of q and w?
11
Let h(g) = 16*g**2 - 425*g + 44. Let r be h(30). Calculate the greatest common divisor of r and 55.
11
Let d(o) = 5*o - 45. Let u be d(6). Let b be ((-5)/u)/((-2)/(-288)). Let c = 38 - 26. What is the greatest common divisor of b and c?
12
Let s be (108/(-10))/((-4)/20). Let i(n) = 5*n - 4. Let j be i(2). What is the highest common divisor of s and j?
6
Let n be (1 - (-63954)/(-36))/(1/(-2)). Calculate the highest common divisor of n and 53.
53
Let t(o) = 2*o**2 - 7*o - 2. Let y be t(4). Suppose y*r = 4*x - 346, 58 = 4*x + 4*r - 306. Calculate the highest common divisor of 16 and x.
8
Let b(m) = m**3 - 5*m**2 - 18*m - 42. Let k be b(8). Let f(a) = a + 6. Let j be f(-4). Calculate the highest common divisor of k and j.
2
Suppose 7*d - 13*d + 48 = 0. Let g(i) = i - 6. Let m be g(d). Let j be (0 - -2)/((-4)/(m + -282)). What is the greatest common divisor of j and 20?
20
Let x(h) = -h**3 + 13*h**2 - h + 23. Let p be x(13). Suppose 0 = 8*u - p*u + 2. Suppose -4*a + 7 = -u. What is the greatest common factor of 8 and a?
2
Suppose n - 2*x - 766 = 0, 3*x = 28*n - 23*n - 3886. Let o(w) = -12*w + 10. Let m be o(-3). What is the highest common divisor of n and m?
46
Let j = 6 + -4. Suppose 62 = -5*d - u - u, 0 = j*d + 4*u + 28. Let n be 4/d + 129/9. What is the highest common divisor of n and 49?
7
Let p(t) = 539*t**2 + 26*t - 105. Let o be p(3). What is the greatest common divisor of o and 288?
72
Let f = -120 + 64. Let m = 170 + f. Suppose k - 7*k = -m. What is the highest common divisor of 19 and k?
19
Let n be 34 - 1*(2 + -1). Suppose 4*t + 23 = 5*s, -101 = -2*t + s - 102. What is the greatest common factor of t and n?
3
Let n be (6 + (-1 - 0))/((-1)/1). Let c be 5/4*40/(0 - n). Let y(v) = 22*v - 2. Let k be y(1). What is the highest common factor of k and c?
10
Let r = 118 - 153. Let j = -28 - r. What is the greatest common factor of 133 and j?
7
Let c be (528/(-10))/((-1)/5). Suppose -13*y + 4*y - 27 = 0. Let x be 8*(-5 - 4)/y. Calculate the highest common factor of c and x.
24
Let f be (-2)/(-7) - (-955)/(-35). Let y = -86 - -69. Let a = y - f. What is the highest common factor of 80 and a?
10
Suppose 165 - 179 = -2*w. Let g be (-2)/((-15)/6 + 3). Let l be (-2 - g) + (-10)/(-2). What is the greatest common factor of w and l?
7
Let p(t) = -9*t - 189. Suppose -93*k - 108 = -89*k. Let z be p(k). Let w = 279 - 63. Calculate the highest common factor of z and w.
54
Let a = 246 + 790. Suppose 1247 = 3*t - a. Let r = t + -481. Calculate the greatest common factor of 28 and r.
28
Suppose 32*i = 46*i - 56. Suppose 4*c + 216 = i*v, 2*c = -v + 39 + 21. Calculate the highest common factor of 8 and v.
8
Suppose 5*j - 4*c + 908 = 6850, -1166 = -j - 2*c. What is the highest common divisor of j and 6?
6
Let h = 554 + -552. Suppose -58 = -h*m - 22. Calculate the highest common divisor of 216 and m.
18
Suppose 2*u = -2*k + 76, -u - 184 = -5*k - 0*k. Suppose -s = -k - 52. Let f = s + -76. What is the greatest common divisor of f and 143?
13
Suppose 20*o - 2607 = 9*o. Calculate the highest common divisor of 2528 and o.
79
Let m = 577 + -487. Let t = 120 - 8. Let l = t + -76. Calculate the greatest common divisor of l and m.
18
Let t(m) = 8*m**2 - 397*m + 101. Let r be t(68). What is the greatest common factor of 46 and r?
23
Let f = 264 - 174. Let n be (-548)/(-16) - (-15)/20 - -1. What is the highest common factor of f and n?
18
Suppose 44*r = -102*r + 10950. What is the highest common divisor of r and 33?
3
Let b(g) = -3*g + 14. Let k be b(-22). Suppose -8 = 4*z - 56. Let y be (z/(-5) - 0)/(6/(-40)). What is the greatest common factor of y and k?
16
Let g(n) = n**3 - 12*n**2 - 113*n + 36. Let j be g(-6). What is the highest common divisor of j and 11451?
33
Suppose 28 = -3*i + 109. Suppose 18*o - 198 - 18 = 0. Let n(q) = q**2 - 6*q - 54. Let d be n(o). What is the highest common factor of i and d?
9
Let u be (-25)/(-7) + (15 - (-2616)/(-168)). What is the highest common divisor of u and 6?
3
Let z(j) = -12*j**3 - 182*j**2 - 60*j - 6. Let k be z(-15). Calculate the greatest common factor of 2442 and k.
222
Let r(v) = 484*v**2 - 2*v. Let m be r(-1). Suppose 47 = -5*c + 2*z + 227, -c + 5*z + 36 = 0. Calculate the highest common factor of c and m.
18
Suppose 5*t + 5 = -5*b, 9*b - 121 = -149*t + 150*t. Suppose -4*h + 508 + 121 = -5*p, -p - 781 = -5*h. What is the highest common divisor of b and h?
12
Suppose -2*g = -3*s + 13949, -3*g - 2295 = -s + 2336. What is the greatest common factor of 114 and s?
19
Suppose 230 + 380 = 5*z. Suppose -35 = -l - x, -4*l - 2*x - z = -8*l. What is the greatest common factor of 32 and l?
32
Let c = -11634 - -12004. What is the highest common divisor of 250 and c?
10
Let p = -114 - -106. Let w be (-154 - p/(-4))/(-2). Suppose -3*u + w = 18. Calculate the highest common divisor of 8 and u.
4
Suppose 111*p = 114*p - 2115. What is the greatest common divisor of 94 and p?
47
Let o = 117 + -43. Let j be 208/7 + o/259. What is the greatest common divisor of 66 and j?
6
Let b be (-2 - (6/(-12))/1)*-34. Suppose 0 = -2*o + 821 - b. Calculate the greatest common factor of o and 165.
55
Let g(o) = 4*o - 4. Let y be g(3). Let z be (-2 - -2)/(y*7/28). Let r be 12*(z + (-1)/3) - -11. What is the highest common factor of r and 35?
7
Let u(m) = -m**3 - 55*m**2 + 83*m + 1884. Let l be u(-56). What is the highest common factor of l and 13578?
186
Let c be (-18)/(-6) + (456 - 3). Suppose 85*w - 266 = 244. Calculate the greatest common factor of c and w.
6
Let y(s) = s**2 - 18*s + 124. Let d be y(10). What is the highest common divisor of d and 8492?
44
Suppose -10*o = -141 - 99. Suppose -4*b = -4*x, -3*x + 0*x = -4*b + 3. Suppose -7*w + o = -x*w. Calculate the greatest common divisor of w and 30.
6
Let h be 4/(5/(105/(-7))*3/(-4)). What is the highest common factor of h and 47?
1
Suppose -5*s = -f - f - 294, -2*s + 3*f + 111 = 0. Let c be s + -23 + (7 - 2). What is the greatest common factor of c and 98?
14
Suppose 0*f - 5*g + 295 = 5*f, -g = -3. Let b = 15 - 8. What is the highest common divisor of f and b?
7
Suppose 0 = -2*l - 3*q - q + 1296, 2568 = 4*l - 4*q. Let b(z) = 6*z**2 + 8486*z - 33984. Let n be b(4). What is the highest common factor of n and l?
28
Let m = 1534 + -398. What is the highest common factor of m and 639?
71
Let y = 201 - 95. Let d(q) = 41*q**2 + 80*q + 155. Let t be d(-2). Calculate the highest common factor of y and t.
53
Let k(q) = q**3 - 6*q**2 - 10*q + 5. Let u be k(7). Let x be u/(((-2)/(-5))/(-2)). Let t be 3/(-1) - -22*10/20. Calculate the highest common divisor of t and x